*(-3 - -2)?
2
Let d(f) = f**3 + 13*f**2 + 10*f + 35. What is the tens digit of d(-11)?
6
Let s(f) = -f**2 + 8*f + 10. Let i(p) = -p**3 + 4*p**2 + 2*p + 1. Let a be i(4). What is the units digit of s(a)?
1
Let f be (-1)/(-4) - (-50)/(-8). Let n = f - -8. Suppose n*s + s - 18 = 0. What is the units digit of s?
6
Let f(x) = 5*x - 2. Let t be f(2). Suppose -4*m - 2*l = 0, 3*l = -2*m + 4*l + t. Suppose 0 = -u - m, -4*j + 2*j + u = -10. What is the units digit of j?
4
Let b(x) = 12 + x - 19 - 3*x. What is the units digit of b(-4)?
1
What is the units digit of 7/(-28) + (-21)/(-4)?
5
What is the units digit of (-12)/(-21) - 18/7 - -179?
7
Suppose 4*f - 1264 = -288. What is the hundreds digit of f?
2
Let a(w) be the second derivative of w**4/12 - w**3/3 - 2*w**2 - 3*w. Let y be a(4). Suppose -3*g - 5*r + 2 = -r, 4*r - 4 = -y*g. What is the units digit of g?
2
Suppose -3*p - 2*p = 45. Let q(z) = -z**2 - 9*z + 4. Let b be q(p). Suppose 2 = b*x - 6. What is the units digit of x?
2
Let y(j) = 522*j. Let s be y(5). What is the tens digit of 1/(-6) + s/108?
2
Suppose -5*l = -4*b - 15, -8*l = -5*b - 3*l - 15. Suppose -20 = -y + 6*y, b = -2*g - y + 2. What is the units digit of 0 + (1 + g - 2)?
2
Suppose 4*w + 8 = 112. What is the tens digit of w?
2
Suppose 2*r = -2*r + 20. Suppose -r*g + 7 = -43. What is the tens digit of g?
1
What is the tens digit of (-34 + 3)/(-1 + 0)?
3
Let f(z) = z**3 - 8*z**2 + 11*z + 6. Let u be f(6). Let k(s) = s**2 - 3*s**3 + 14 + 4*s**3 - s + 0. What is the units digit of k(u)?
4
Let v = 3 + -3. Suppose v = -6*m + 3*m + 4*l - 10, 4*m + l + 26 = 0. Let u = 11 + m. What is the units digit of u?
5
Let a be (-1)/(1 + (-15)/12). Suppose -17 = -a*g - 1. What is the units digit of g?
4
Let u(n) = n**3 - 3*n**2 + 4*n + 1. Let b = 10 - 6. Let m = b + -1. What is the units digit of u(m)?
3
Let r = 106 + -43. What is the units digit of r?
3
Suppose l - 965 = -4*f - 4*l, 1 = l. What is the tens digit of f?
4
Suppose -59 = 5*b - 19. What is the units digit of 4/b*(-4 + 2)?
1
Let x be (-2)/(-2) + -2 - 1. Let t be 93/x - (-2)/(-4). What is the units digit of t/(-9) + 8/(-36)?
5
Let d(g) = -17*g + 8. What is the tens digit of d(-8)?
4
Let r = 6 - 2. Suppose -4*l + r = 3*y - 0*y, 0 = -2*y. Suppose 0 = -4*p + l + 3. What is the units digit of p?
1
Suppose 2*a = 5*o - 70, -2*a = 2*a - 5*o + 140. Suppose -311 = 5*y - 51. Let n = a - y. What is the units digit of n?
7
Let v = -2 - -4. Suppose -4*g = -3*g - v. What is the units digit of g/7 - (-66)/14?
5
Suppose -6*q = -8*q + 44. What is the tens digit of q?
2
Let m(f) = -40*f - 29. What is the units digit of m(-7)?
1
Let w(y) = -y. Let b be w(-4). Let d = 18 - b. What is the units digit of d?
4
Let c(o) = 2*o**2 + 8*o + 3. Let z be c(-5). Let y(j) = 2*j. Let d be y(1). Suppose -z - 3 = -d*v. What is the units digit of v?
8
Let o(m) = m**3 - m**2 - m - 1. Let h(s) = -4 - s + 5*s**3 + s**2 - 2*s - 3*s. Let x(n) = h(n) - 6*o(n). What is the units digit of x(7)?
2
Let l(y) = 6*y + 12. What is the tens digit of l(4)?
3
Suppose -2*f + 432 = -d + 6*d, 0 = d + 5*f - 68. What is the tens digit of d?
8
Let c = 88 + -59. Suppose 0 = 5*v + n - c, -2 = 2*v - 3*n - 0. Suppose -v*q = -5*y - 15, -5*y = 4*q + 9 - 30. What is the units digit of y?
1
Suppose 0 = -0*g - 2*g + 5*z + 26, -3*z - 12 = 0. Suppose 0 = 4*l + 20, -g*d + 0*d + 52 = -2*l. What is the units digit of d?
4
Suppose 0 = -4*w + 133 - 45. Suppose f = 4*r + 18, 5*r = f - 0*r - w. Suppose -88 = -f*k - 2*k. What is the units digit of k?
2
Let f = -38 + 58. What is the tens digit of f?
2
What is the tens digit of -213*(65/(-15) - -4)?
7
Suppose 0 = 5*y + 4 + 21, r - 4*y - 101 = 0. What is the units digit of r?
1
Suppose 2*j = 4*a, 0*j + j = 3*a - 1. Suppose j*o = 7*o - 220. What is the units digit of o?
4
Let x = 4 - 2. Suppose x*u - 7*u = -55. What is the tens digit of u?
1
Let r = 38 - -12. Suppose r = 5*t - 70. What is the units digit of t?
4
Let i(y) be the first derivative of 5*y**4/4 + 2*y**3/3 - y**2 + y - 6. What is the units digit of i(1)?
6
Suppose 0 = j + 3*c - 8, -2*c + 0*c = 4*j + 8. What is the units digit of 36/(-2)*j/3?
4
Suppose 0*p - 2*p + 14 = 0. Suppose -1 = 2*j + p. Let a = 1 - j. What is the units digit of a?
5
Suppose 2*f = 5*f + a - 14, -5*a + 22 = 3*f. What is the tens digit of (1/(-3))/(f/(-120))?
1
Let w = 33 - 5. What is the tens digit of w?
2
What is the units digit of -1 + 84 + (-7 - -9)?
5
Let y = 6 + -4. Suppose y*j + 2*j = 12. What is the units digit of j?
3
Suppose 3*z = z + 160. Suppose -z = -k - 3*k. What is the tens digit of k?
2
Let o = -13 + 31. What is the units digit of 5*2/(20/o)?
9
What is the tens digit of 2 + -5 - 0 - -95?
9
What is the units digit of ((-154)/21)/((-2)/9)?
3
Let j be (54/(-15))/(3/10). Let a = j - -33. What is the tens digit of a?
2
Let t = 6 - 2. Suppose 25 = d - f + 2, f + 80 = t*d. What is the units digit of d?
9
Suppose j = -4*y + 786 - 165, 0 = 4*y + 4*j - 636. What is the tens digit of y?
5
What is the units digit of 540/66 - (-4)/(-22)?
8
Let x be -3 + (-1)/((-1)/243). What is the tens digit of (1/2)/(8/x)?
1
Let q(w) = w + 3*w - 10 - 3*w + 5*w. What is the units digit of q(3)?
8
Suppose 5*q - 103 = 4*g, q + 0 = -1. Let h be 0 + -2 + (-20)/2. Let p = h - g. What is the units digit of p?
5
Let t = 2 + -2. Suppose t = 2*y + 1 - 11. Suppose -46 = -y*j - 1. What is the units digit of j?
9
Let u(l) = -4*l**2 + 7*l + 1. Let x(v) = -v**2 - v + 1. Let f(a) = -u(a) + 2*x(a). What is the tens digit of f(6)?
1
Let c(f) = -2*f**3 - 2*f**2 - f + 2. Suppose 5*n - 3*n + 6 = -2*q, 5*n - 5*q = -5. What is the tens digit of c(n)?
1
Suppose 0 = -5*r + 8 + 297. What is the tens digit of r?
6
What is the tens digit of (-4)/18 + 1071/81?
1
Let t = -506 + 723. What is the tens digit of t?
1
Let l(u) = 6*u - 2. Let p be l(-3). Let d = 14 + p. Let v(z) = -z**2 - 7*z - 1. What is the units digit of v(d)?
5
Suppose -2*p = n - 74 - 12, n + 3*p - 83 = 0. What is the units digit of n?
2
Let p(o) = -2*o**2 - 42*o + 28. What is the hundreds digit of p(-19)?
1
Let w be 38 + (-2 + 3 - 0). Suppose -5*q + 5 = m, -q + w + 0 = 4*m. What is the tens digit of m?
1
Suppose 0 = -16*r + 15*r + 325. What is the units digit of r?
5
Let c = 18 - -10. What is the units digit of c?
8
Let v(t) = 6*t - 1. Suppose i - 1 = -3. Let f be v(i). What is the tens digit of -1 - (1 + -2) - f?
1
Let j be (-146)/9 - (-8)/36. What is the units digit of (-3)/(-4) + (-132)/j?
9
Suppose -j + 8 = 2*p - 5*p, -2*j - 2*p = 0. Suppose j*b + 36 = 2*y, -2*y + 5*y = -b + 66. Suppose 13 = 2*h - s, s - y = -3*h + 11. What is the units digit of h?
9
Let r(q) = -2*q**3 - q**2 + 3*q + 1. Let i be r(-2). Suppose -f = 5*h - 1, -4*h + i = -2*f - 5. What is the units digit of 0 + h - -3*1?
4
Let m be -4*(-2)/((-24)/255). What is the tens digit of (-10)/(-15) - m/3?
2
Let s be ((3 - 2) + 81)*2. Suppose -4 - s = -4*c. What is the units digit of c?
2
Let m(i) = 2*i**2 - 5*i + 5. Suppose -15 - 6 = 3*j. Let g(l) = -5*l**2 + 11*l - 10. Let k(w) = j*m(w) - 3*g(w). What is the units digit of k(-4)?
3
Let c = 8 - 8. Suppose -w + c = -1. What is the tens digit of (3 + (-1)/w)*5?
1
Suppose 6*v = v + 230. What is the tens digit of v?
4
Suppose -4*k + 46 = -2. What is the tens digit of k?
1
Let x = 0 + -1. What is the tens digit of ((-1)/(-3) + x)*-18?
1
Suppose -4*f - 28 = -2*r, -4*r + 2 = 5*f + 11. Let y(a) = -a**3 + 5*a**2 - 2*a - 5. What is the units digit of y(r)?
3
Suppose -u + 20 = 4*u. Suppose u*n + n - 45 = -3*v, n - 16 = -2*v. What is the units digit of n?
6
Suppose 0*z + 4*z = -232. Let n = -36 - z. Let a = n - 7. What is the units digit of a?
5
Suppose 1488 = 10*h - 4*h. What is the tens digit of h?
4
Suppose -5 + 17 = -3*x, 0 = -4*h + 3*x + 220. Let b = h - 32. What is the tens digit of b?
2
Let u = 2 + 0. Suppose -z = u*z - 30. What is the tens digit of z?
1
Let a = 84 - 37. What is the units digit of a?
7
Let w(j) = -j**2 - 3*j + 3. Let o be w(-3). Let v = -3 - -3. Suppose n - o = -v*n. What is the units digit of n?
3
Let q(t) = t**2 - t - 2. Let h be q(3). Let c = h + -3. What is the units digit of (3 - 4) + 6/c?
5
What is the tens digit of 402/8 - 2/8?
5
Let f(w) = w - 5. Suppose c - 28 = -0*c - 4*j, -4*c = j - 37. Let b be f(c). Suppose -b = 5*l + 2*z - 38, -5*z